git of j/(-2 - (-8)/5)?
5
Suppose -f = n + 4 - 1, -4*n - f + 3 = 0. Let b(r) = r**2 - 1. Let s be b(n). What is the units digit of 4 + 4/6*s?
6
Suppose 14 - 2 = -3*h. Let y(z) be the second derivative of z**3/6 + 5*z**2/2 - z. What is the units digit of y(h)?
1
Suppose -152 = -y - y - 4*d, -4*y - 2*d + 316 = 0. Let i = y + -36. What is the units digit of (i/(-6))/(12/(-18))?
1
Let d(a) = a**2 + 8*a + 1. What is the units digit of d(-9)?
0
What is the units digit of -2 + (-4)/2 + (190 - 0)?
6
Let w be 1/3*(1 + -1). Let a(j) = j**3 - j**2 + j. Let h be a(w). Suppose h = 5*u + 9 - 34. What is the units digit of u?
5
Suppose -4*n = -6*y + 11*y - 1535, 1185 = 3*n - 3*y. What is the hundreds digit of n?
3
Let v(s) = 142*s - 3. What is the tens digit of v(2)?
8
What is the tens digit of -2*(-6)/4 - 672/(-24)?
3
Let x = 1 - -4. Suppose -5*o - 2 + 23 = 3*a, -x*a - 3*o = -35. Suppose 5*z - 3 = a. What is the units digit of z?
2
Suppose 0 = 2*q - 10, -2*q + 86 = 3*b - 8. What is the units digit of b?
8
Let n be (1 + -2)*1 + 4. Let u(r) = 5*r - 2. What is the units digit of u(n)?
3
Let n = -14 - -43. What is the tens digit of n?
2
Let f = -105 + 50. Let m = -11 - f. What is the units digit of m?
4
What is the tens digit of -3 - (-2 - (0 + 34))?
3
Suppose 3*j + 12 = j. What is the tens digit of -2*(j + -4 + 2)?
1
Let s(g) = -g**3 + 5*g**2 - g + 2. Let f = -4 + 9. Let x be s(f). What is the units digit of -2 + (1 - (x - -1))?
1
Let s(z) = 3*z - 7. What is the units digit of s(10)?
3
What is the units digit of (173 - 2) + 1 + 4?
6
Let f(r) = 3*r - 9. Let k = 2 + 8. What is the units digit of f(k)?
1
Let p(m) = m + 7. Let i be -4*((-1)/(-2) - 1). Suppose 2*r - 10 = -2*w, -3*r + i*w = -1 - 19. What is the units digit of p(r)?
3
Let m = 2 + -4. Let k be 4/(-5)*(-3 + m). Suppose -3*p + 4*p = k. What is the units digit of p?
4
Let m = 3 - -1. What is the units digit of (m/(-5))/((-8)/100)?
0
What is the tens digit of 14/91 + (-2154)/(-26)?
8
Let k(s) = 5*s - 2 + 0*s**2 + 4 + s**2 + 4. What is the units digit of k(-7)?
0
Suppose -m = -65 + 18. Suppose -4*a + 20 = 0, -4*g + 13 + m = 4*a. What is the units digit of g?
0
Let y be 52/14 - (-2)/7. Suppose 4 = -y*m + 4*d + 32, 10 = -2*m - 4*d. What is the units digit of m?
3
Suppose 0 = -u + 2*u - 4. Suppose -14 = u*p - 110. Suppose -p = -3*f - f. What is the units digit of f?
6
What is the hundreds digit of 40/10 + 1/((-1)/(-385))?
3
Suppose 8*t = 1184 - 136. What is the hundreds digit of t?
1
Suppose -t = -0*t - 9. What is the units digit of t?
9
Suppose 0*s = 5*s + 5. What is the tens digit of 16 - (0 + s + 3)?
1
Suppose -4 = r - 7. Let z(o) = -1 + 3*o - 5*o - r*o + 2*o**2 + 3*o. What is the units digit of z(3)?
1
Suppose 0 = -5*g + 3*c + 58, 0*g + g - 34 = -5*c. Let h = g + -5. What is the units digit of h?
9
Let x(f) = 3*f**2 + 4*f + 2. Let q(s) = 5*s**2 + 9*s + 3. Let a(k) = 4*q(k) - 7*x(k). What is the units digit of a(7)?
5
Let h be 32/(-40)*(-5)/2. Suppose -h*c + 5*c = m + 45, m = 5*c - 73. What is the tens digit of c?
1
Let w(o) = 8*o**2 - 6. What is the tens digit of w(-5)?
9
Let r = -16 - -22. Let d(a) = a**2 + a - 3. Let o be d(-3). Let i = o + r. What is the units digit of i?
9
Suppose -6*w + w - 15 = 0, -101 = -5*m - 3*w. What is the units digit of m?
2
Suppose -41 = -8*k + 71. What is the tens digit of k?
1
Suppose 0 = 5*h - 3*u - 2 + 1, -3*h + 3*u = 3. Suppose h*p - 22 - 8 = 0. What is the units digit of p?
5
Suppose -5*v - 5*d + 42 + 23 = 0, 1 = -d. What is the tens digit of v?
1
Suppose -4*c + 4*t = -8, -t + 4 + 4 = c. Suppose 0 = -a - 2*n - 7 + 2, 2*a + 14 = -c*n. What is the units digit of a?
3
Let q(s) be the third derivative of 1/4*s**4 + 1/60*s**5 + 0 - 2/3*s**3 - s**2 + 0*s. What is the units digit of q(-7)?
3
Suppose -a + 9 = 45. What is the units digit of (a/(-90))/(1/125)?
0
Suppose 0 = 2*d - 4, -3*m - 4*d = -5*m. Let i = 21 - m. What is the units digit of i?
7
What is the units digit of (0 - 1) + (328 - -19)?
6
Suppose -2*o + 156 = o. Suppose -4*u - o = -2*c, 0 = c + u + 2*u - 31. What is the tens digit of c?
2
Suppose 23*m - 20*m = 66. What is the tens digit of m?
2
Let h = 19 + -9. Let r = h - -6. What is the tens digit of r?
1
Suppose 0 = 2*j + 6 + 88. Let i = j + 70. What is the units digit of i?
3
Suppose r + 33 = 2*r. Suppose -3*j - 5*u + 12 = 0, 4*j - 2*j - 5*u - r = 0. What is the units digit of j?
9
Let i be (-18)/6 - (-5 - -2). Suppose 4*d - x - 42 - 6 = 0, -d - 5*x + 12 = i. What is the tens digit of d?
1
Suppose 3*d - x - 9 = -0, -4*x = 0. Let q = d + 3. What is the units digit of q?
6
Let j(r) = -r**2 + 9*r + 12. Let g be j(10). Suppose k = 3*l - 0*k - 11, 4*k - 36 = -4*l. Suppose 0 = g*h - 6, 41 - 14 = l*i - h. What is the units digit of i?
6
Let p(k) = k. Let o be p(-4). Let n = 20 + o. What is the units digit of n?
6
Suppose 4*p + 28 - 128 = 0. What is the tens digit of p?
2
Let l(n) = 9 - 4 + 3*n - 3 + 7. What is the units digit of l(5)?
4
Let l = 3 + 0. Let r be (-1)/l - (-14)/6. Suppose r*z - 5*p - 37 = -2*z, z - 3*p - 18 = 0. What is the units digit of z?
3
Let d(v) = -v**3 - 10*v**2 + 11*v - 5. Let i be d(-11). What is the units digit of (-2 - -2) + -3 - i?
2
Suppose 1 = 4*c + 5, -o - 4*c = 8. Let b be (18/o)/((-3)/42). Suppose 2*z + 3*i = -2*i + 9, -b = -5*z + i. What is the units digit of z?
2
Suppose z + 0 = 4. Let s = 7 + 1. Let u = s - z. What is the units digit of u?
4
Let u = -5 - -5. Suppose o - 4 - 1 = u. What is the units digit of o?
5
Suppose 3*g - 50 = g. What is the units digit of g?
5
Let t be 27/(6/2) + 1. Let g be (-34)/t + (-6)/(-15). What is the units digit of (-14)/(-6) + 1/g?
2
Let w(p) = p. Let x(c) = c**3 + 4*c**2 + 3*c. Let r be x(-2). Let z be w(r). What is the tens digit of (21 - -1)*1/z?
1
Let o = -2 - -12. Suppose r - o = -r. Suppose 8 = -3*x + r*c, -2 = 4*x + c - 22. What is the units digit of x?
4
Let m be (-45)/12 + 3/4. Let x = -1 - m. What is the units digit of x?
2
Let b(j) be the first derivative of j**4/4 - 7*j**3/3 - j**2 - 9*j + 5. What is the units digit of b(8)?
9
Suppose z + 16 = 5*z. Let w = -2 + z. Suppose 4 = w*a, 36 - 94 = -5*c - 4*a. What is the tens digit of c?
1
Let k(r) = r**2 + r. Suppose f + 1 = 2*l, 0 = 5*l + 2*f - 5 - 2. Let w(v) = -6*v**2 + 4*v - 6. Let t(i) = l*w(i) + 5*k(i). What is the units digit of t(8)?
2
Suppose 5*d = -5*p + 50, -d - 3*p - 20 = -8*p. What is the units digit of d/((-20)/(-16))*4?
6
Let z(v) = 168*v - 1. What is the units digit of z(1)?
7
Let f(g) = g**2 + 8*g - 13. What is the tens digit of f(5)?
5
Suppose -105 = -4*m + 751. What is the units digit of m?
4
Suppose 5*s - 6 + 1 = 0, 0 = -2*h + 2*s + 314. What is the units digit of h?
8
What is the units digit of -130*((-16)/(-10) - 2)?
2
Let a(r) = -r**3 + 2*r**2 + 4*r - 1. Let l be a(3). Suppose -2*m + 0*m + 77 = 3*v, 0 = -l*v + m + 49. What is the units digit of v?
5
Let s = -24 + 67. Suppose -4*l - 4 = -t, 3*t = l + 11 - s. What is the tens digit of -2 + (1 - -2) - t?
1
Let l(k) = -k**2 - 5*k + 2. Let h be l(-5). Suppose 7*n - 95 = h*n. What is the tens digit of n?
1
Let f(w) = 2*w**3 - 7*w**2 + 7*w - 5. Let z be f(4). Let v = z - 21. What is the units digit of v?
8
Let d = 11 + -7. Suppose z - 4*y = -z - 18, d*y = z + 9. Let f = 15 + z. What is the units digit of f?
6
Let v be -4*(-38)/(-2 - -4). Suppose 224 = 4*q + v. What is the tens digit of q?
3
Let z(j) = j**3 + 4*j**2. Let n be z(-4). Suppose -4*i - 4*k + 97 = 29, n = 2*i - 2*k - 34. What is the units digit of i?
7
Let c(a) = 2*a**2 - 6*a + 3. Let j be c(5). Suppose 5*k = 4*i + 13 + j, -4*k - 3*i = -4. What is the units digit of k/(-18) - (-145)/45?
3
Suppose 11 - 3 = -4*h, m - 4*h = 14. What is the units digit of m?
6
Suppose 3*d + 2*d - 65 = 0. What is the tens digit of d?
1
Suppose 7*k = -k + 360. What is the units digit of k?
5
Let g = -5 - 1. Let i be 1/(-2) - 9/g. Let y = 2 + i. What is the units digit of y?
3
Let w = 0 - -1. What is the units digit of 0/(-2) + 29/w?
9
Let b(k) = -5*k**2 + 8*k. Let m(d) = -4*d**2 + 7*d - 1. Let r(s) = -3*b(s) + 4*m(s). Let i be r(3). What is the units digit of ((-6)/(-8))/(i/(-12))?
9
Let c(y) = y**2 + 2*y + 3. Let f = -3 + 6. Let q be c(f). Suppose -r - 4 = -h, -4*r + q = 2*h - r. What is the units digit of h?
6
Let j(h) = -22*h**3 + 2*h**2 - 